w**2/2 + 32*w - 1858. What is y(-8)?
40
Suppose a + 37*a + 16*a = 270. Let g(m) = -m**3 + 3*m**2 + 4*m - 5. Calculate g(a).
-35
Let x(n) = 24*n + 7*n - 63*n - 9 + 17*n. Determine x(-2).
21
Suppose j - 72*c - 7 = -70*c, 3*j = c - 14. Let w(r) = 15*r - 1. Calculate w(j).
-106
Let p(w) = 7*w + 31. Let g = -6951 + 6944. Determine p(g).
-18
Let k(b) = -16*b + 10. Let i(z) = -3*z + 2. Let t(w) = -11*i(w) + 2*k(w). Let x(j) = 4*j**2 + 10*j - 10. Let f(a) = -6*t(a) + x(a). Determine f(-2).
10
Let t(p) = 4*p**2 - 7*p + 4. Let u(s) = -s**3 - 3*s**2 + 42*s - 106. Let z be u(-9). Determine t(z).
6
Let p(t) be the third derivative of -t**7/2520 - t**6/120 + t**5/120 + 19*t**4/4 - 258*t**2. Let q(w) be the second derivative of p(w). Give q(-6).
1
Let s(b) be the third derivative of b**6/24 + 2*b**3/3 - 12*b**2 + 28. What is s(-2)?
-36
Let l(t) = 5*t - 1. Let j(d) = -d**3 + 50*d**2 - 96*d + 15. Let i be j(48). Give l(i).
74
Let f(n) be the first derivative of n**5/20 - n**4/4 + n**3/2 - n**2/2 - 64*n - 61. Let w(d) be the first derivative of f(d). Give w(2).
1
Let b(m) = -2*m - 18. Suppose 14*p = 115 + 123. Let t be (-4)/(16/(-20)) - p. Determine b(t).
6
Let o be (20/(-15))/(9/(405/12)). Let s(y) = y**3 + 6*y**2 - 14. Calculate s(o).
11
Let v(q) = -q + 60. Let j(c) = -96*c - 834. Let f be j(-9). Determine v(f).
30
Let w(n) be the second derivative of 1/2*n**4 - 1/2*n**2 + 9*n + 1/6*n**3 - 1/20*n**5 + 2. What is w(6)?
5
Suppose c + 24282 - 24275 = 0. Let h(l) be the third derivative of l**6/120 + 7*l**5/60 + l**4/12 + 7*l**3/6 - l**2. Give h(c).
-7
Suppose 2*m + 2*m - 8 = 0. Suppose 0 = -3*u + m*i - 2 + 9, -3*u + i = -11. Let b(a) = -a**2 + 4*a**3 + 3 - 3*a**3 - u - a. What is b(0)?
-2
Let y(f) = -f**3 - 8*f**2 - 9*f + 33. Let d be y(-5). Let t(q) = -6*q**d - 45*q - 50*q - 2*q**2 - 49*q + 195*q - 50*q. Determine t(1).
-7
Let x(c) = 4 + 7*c**2 + 9*c + 2*c**2 - 3 + 13 - c**3. Suppose 22*z - 4*y = 24*z - 16, 0 = 2*z + y - 19. Determine x(z).
4
Let z be -2 - (0 - (-2 + 1)). Let b(j) = -71*j**2 - 243*j - 84. Let n(s) = -17*s**2 - 58*s - 20. Let p(v) = -5*b(v) + 21*n(v). Give p(z).
-9
Let n(d) be the second derivative of -5*d**3/6 - d**2/2 - 774*d. What is n(0)?
-1
Let s(f) = -44*f + 13. Let h(a) = -87*a + 60. Let j(c) = 3*h(c) - 7*s(c). Give j(-2).
-5
Let c(u) = -9*u**2 + 24*u + 44. Let a(x) = 4*x**2 - 11*x - 22. Let p(w) = 11*a(w) + 5*c(w). What is p(7)?
-78
Let c(u) = -7*u - 4. Let i(s) = -5*s - 3*s - 5*s - 4 - 3*s + 8*s. Suppose 5*k - 26 = -3*v, -4*k - 24 = -v - 3*v. Let l(r) = v*c(r) - 6*i(r). What is l(3)?
-7
Suppose 7*d + 102 = 213*k - 210*k, -4*d = k + 23. Let p(o) = -o**3 + 11*o**2 + 25*o + 14. Give p(k).
1
Let z(f) = 7*f**2 - 2*f. Let p be (-1)/(-4) - (-69)/12. Suppose -4*r - 2 = 5*y + 10, -y = 5*r - p. What is z(r)?
24
Let g be (-1)/(40/16) - (-72)/(-20). Let c be (g - -1)*(16 - 19). Let u(w) = w + 12. Determine u(c).
21
Suppose -6 = 9*z - 33. Let j(y) = -4 - y + 5*y**2 + 7*y - 7*y**z + 6*y**3 + y**2. Let r = -3 + 10. What is j(r)?
-11
Let b(p) be the second derivative of 5*p**3/3 - 21*p**2 + 16*p + 6. What is b(4)?
-2
Suppose -2*t + 48 = -2*h, -4*t - h + 0 = -121. Let i = t + -25. Let g(p) = 7 - 6*p - i - 3. Determine g(-2).
12
Let k(b) = 13*b**3 + 15*b**2 - 41*b + 41. Let w(n) = -3*n**3 - 4*n**2 + 10*n - 10. Let m be 2*((0/4)/2 + 1). Let p(s) = m*k(s) + 9*w(s). What is p(-7)?
-15
Let q(y) = -y**2 + 17*y - 13. Let a be q(16). Suppose 0 = -2*m - a*m. Let v(f) = -2*f + 5*f + 6 + m. What is v(-4)?
-6
Let f(w) be the first derivative of w**4/4 - 3*w**3 - 9*w**2/2 - 9*w + 976. Calculate f(10).
1
Let i(w) = 4*w + 10. Let h be 595/55 + 13/(715/10). Suppose 3*v + h = t + t, 2*t = -v - 1. Determine i(v).
-2
Let b(p) = -5*p + 22. Let o be (-423)/(-63) + -7 - 44*2/(-14). What is b(o)?
-8
Let d(j) = j**3 - 5*j**2 - j - 1. Suppose 3*s + 0*s - 2*z - 129 = 0, 4*s - 4*z = 168. Let y be (s/10)/(6/(-8)*-1). Determine d(y).
29
Let k(o) = -7*o**2 + 3*o**3 - 8*o + 1 - 5*o**3 + o**3. Let y = -1039 + 1033. Give k(y).
13
Let b(d) = -d**2 + d - 1. Let a(c) = c**2 + 30*c - 5. Let x be a(0). Determine b(x).
-31
Let b be ((-640)/60 - -8)*(72/32 + -3). Let p be 2/((-1)/((-3)/2)). Let o(n) = 2 - n**p + 0*n**3 + 3*n**2 - 3*n + 2*n**2. Determine o(b).
8
Let v = -75 - -81. Let g(m) be the third derivative of -m**4/24 + m**3/3 - 199*m**2. Determine g(v).
-4
Let o(u) = u. Let s(c) = c**2 - 12*c - 7. Suppose v + 2*j = -9, -j - 354 + 348 = -v. Let x = 8 - 3. Let b(i) = v*s(i) + x*o(i). Determine b(7).
-7
Let j(a) = -a**2 + 9*a - 4. Let l(r) = -r**3 + 14*r**2 + 21*r - 18. Let k be l(15). Suppose 46*s = 37*s + k. Give j(s).
4
Suppose 20*d - 4326 = -d. Let w(i) = 203*i + 2*i**3 - 3*i**3 - 1 - d*i - 5*i**2. Give w(-5).
14
Let u(s) = -2*s**2 + 11*s + 101. Let y(p) = p**2 - 6*p - 53. Let g(f) = 3*u(f) + 5*y(f). What is g(8)?
-2
Let b(u) = 2*u**2 + 2*u - 3. Let l(d) = -d**2 - 1. Let x(m) = b(m) + l(m). Let i = 12696 - 12698. Give x(i).
-4
Let x = 12 + -17. Suppose -12*d + 17 = -19. Let n(v) = 2*v - 5*v - d - v. What is n(x)?
17
Let o(x) = 4*x**2 + 9*x - 6. Suppose -63 = 5*q - 48. Determine o(q).
3
Let j be (-196)/35*10/(-4). Suppose -15*t = -j*t - 10. Suppose 0 = t*q - 7*q - 9. Let x(l) = -2*l**2 - l + 3. What is x(q)?
-18
Let j(f) = -f**3 - 8*f**2 - f + 2. Let b(q) = -q**2 + 2*q + 1. Let g(v) = 5*b(v) + j(v). What is g(-13)?
-110
Suppose 48*x = 53*x - 65. Suppose x*m - 71 - 7 = 0. Let r(q) = q**3 - 7*q**2 + 6*q + 6. Calculate r(m).
6
Let x be 11 + 1/(72/(-804)) + (-17)/6. Let v(z) be the first derivative of 2*z**3/3 + 7*z**2/2 + 8*z + 1. Calculate v(x).
5
Suppose -160 = 15*b - 47*b. Let d(s) = -2*s**3 + b + 4 - 1775*s + 1785*s + s**3 - 5*s**2. Give d(-6).
-15
Let o(c) = c**3 + 15*c**2 - 18*c - 38. Suppose 22 = -2*s - 5*f, 4*s + 51 = -f - 11. What is o(s)?
-6
Let r(h) = -h**3 - 5*h**2 + h. Let f(d) = -6*d**3 + 13*d**2 - 7*d - 1. Let o(m) = -f(m) - 3*r(m). What is o(-1)?
-10
Let r(i) = 3*i - 11. Let w(l) = 5*l - 21. Let m(n) = 5*r(n) - 2*w(n). Let f be m(3). Let t(v) = v**f + 55 - 54 + 3*v**2. Determine t(1).
5
Suppose 12 = 2*i - 3*v - 9, 2*v = -6. Let a(h) = 8*h - 30. Calculate a(i).
18
Let x = -22 + 14. Let t(k) = 868 - 426 - 7*k + 8*k - 433. Calculate t(x).
1
Let u = 7 - 2. Suppose 2*p = -3*z + 5, -u*p - 7*z + 20 = -2*z. Let x(q) be the second derivative of -q**4/12 + 4*q**3/3 - 7*q**2/2 - 20633*q. Give x(p).
0
Let c(o) = 14*o**2 - 26*o - 30. Let r(f) = -11*f**2 + 25*f + 20. Let t(x) = 3*c(x) + 4*r(x). Determine t(11).
-10
Let l = 54 - 48. Let n(v) be the second derivative of v**6/720 - v**5/60 - 5*v**4/6 - 3*v. Let p(j) be the third derivative of n(j). Determine p(l).
4
Let g(a) = -5*a**2 + 269*a - 1202. Let o(k) = k**2 - 53*k + 240. Let m(i) = 3*g(i) + 16*o(i). What is m(7)?
-4
Let l(w) = 10*w + 13. Let m(b) = 4*b - 350 + 343 - 9*b. Let j(x) = 2*l(x) + 5*m(x). Let a be 1/((-1)/(-2 - -8)). Calculate j(a).
21
Suppose -v + 4*b = 16, 5*v + b + b = 8. Let c(k) = 17*k + 16*k + 1 + 15*k - 69*k + 20*k. Determine c(v).
1
Let t(i) = i**2 - 6*i - 12. Suppose 29*h + 2*h - 372 = 0. Determine t(h).
60
Let m(b) = b**3 - 8*b**2 - 13*b + 11. Suppose 54*c + 3*c - 13*c - 396 = 0. What is m(c)?
-25
Let i(u) = -6*u**2 - 6*u**2 - 4*u - 6 + 7*u**2 + u**3. Let w(o) = 4*o + 7*o - 37 - 1. Let x be w(4). Determine i(x).
6
Let z(c) = 12*c - 10. Let f be z(1). Let l(d) = -d + 0*d**2 + 4 + 0*d**2 + 3*d**f - 2*d**2. Suppose 3*o = -7 - 2. Determine l(o).
16
Let i(b) = -b + 1. Let v be i(-1). Suppose 5*l = -5*a, l = v*l + 3*a + 4. Let y(o) = l*o + 3*o + 0*o**2 - 1 - 4*o + o**2. Give y(2).
5
Let j be (10 - 14)/(-1*2). Let o be -26*j/(-24) - 2/12. Let a(u) = 3*u**3 + 3*u - 1 - 2 + 2*u - o*u**3 + 7*u**2. What is a(-6)?
3
Let x(w) be the second derivative of 5*w**4/3 + w**3/6 + 2*w**2 + 2*w - 119. Calculate x(-2).
82
Let i = 151 - 150. Let v be (-4 + i - (21 - 22))*4. Let n(f) = 3*f + 13. Calculate n(v).
-11
Let v = 1973 + -1977. Let z(w) = -w - 2. Let a(k) = 5. Let y(n) = a(n) - z(n). Calculate y(v).
3
Suppose 19*h = 13*h + 18. Let b(q) = -q**3 - 21 + h*q + 4*q + 22 - 3*q**2. Determine b(-5).
16
Let d(b) be the first derivative of b**4/4 - 4*b**3/3 + 3*b**2/2 + 2*b + 1163. What is d(3)?
2
Let l(s) be the third derivative of s**4/3 + 5*s**3/2 + 2695*s**2. Give l(-3).
-9
Let a = -247 - -251. Let y(c) = c**2 + 2*c + 2. Let s 